s w a composite number?
False
Suppose w + 7*f = 5*f + 917, -w - 3*f = -915. Is w composite?
True
Let y be (6/12)/(1/14). Let n = 7 - y. Let h = n + 79. Is h composite?
False
Let o(l) = 3*l**3 - 2*l**2 + l. Let p be o(1). Suppose -7*m = -p*m - 20. Let k = 3 + m. Is k prime?
True
Suppose -p = 2*p - 3*l - 6, -4*p = 3*l - 1. Let x be -3*p*(-442)/3. Is x/12 + 9/54 a prime number?
True
Is (-2)/(-3) - 417/(-9) composite?
False
Let d(u) = -u**2 + u + 3. Let h be d(0). Suppose -i = h*m - 573, i + 573 = 3*m + 5*i. Is m prime?
True
Let g(h) = h**2 + 5*h + 1. Let l be (6/(-9))/((-2)/(-12)). Let m be g(l). Is m/(-6) - 105/(-2) composite?
False
Let b(j) = -j**3 + 2*j**2 + 5*j - 4. Let n be b(3). Let m(y) = 2*y - 3. Let u be m(n). Is 3*(u - 2/(-2)) a prime number?
False
Suppose 5*a - 136 = 29. Is a a composite number?
True
Let g = -238 + 429. Is g composite?
False
Suppose -66 + 1 = -c. Is c a composite number?
True
Let c(k) = k**2 + 0*k - 4*k + 4*k - k - 18. Let g be c(0). Let f = -3 - g. Is f a prime number?
False
Suppose -4*i + 87 = -45. Let d = i - 18. Is d prime?
False
Suppose 2*m - 8 = 4*m. Let s = m + 7. Suppose 4*b - 12 = -2*c, 5*c + s*b = 7*b + 30. Is c a composite number?
True
Let f = 5 + -1. Let k = f - -21. Is k prime?
False
Let h = 1733 - 856. Is h composite?
False
Let i be (-20)/(-6) + (-2)/6. Suppose i*z + z = -3*s + 209, -2*z + 262 = 4*s. Is (-1 - 0)/((-3)/s) a prime number?
False
Let w(a) = 51*a**2 + 12*a - 7. Is w(8) composite?
True
Let t(c) = -c + 9. Let r be t(6). Suppose 3*f = -6, -r*p + f + 2*f = -1755. Is p composite?
True
Let u = 457 + 456. Is u prime?
False
Let q(o) = 3*o**2 - 8*o - 52. Is q(25) a prime number?
False
Let d(i) = -i**3 - 2*i**2 - 2*i - 2. Suppose l - 4*p = 11, -5*l + 4*p = -0*l - 55. Suppose 0 = -3*j - 4 - l. Is d(j) composite?
False
Suppose -o - 3*b = o - 100, -3*o + b + 150 = 0. Let m = o + 2. Suppose -2*l + 4*l - 5*g = 10, 2*g + m = 4*l. Is l a prime number?
False
Let h(j) = -j**3 - 5*j**2 + 5*j - 5. Let w be h(-6). Suppose 5*o + 5*p = p - 26, 0 = 5*o + 5*p + 30. Let a = w - o. Is a composite?
False
Suppose 0*t = 3*t + r - 214, -4*r = 5*t - 366. Let i = t - -57. Is i composite?
False
Let k be 10/(-4)*(-66)/55. Suppose -k*l + 151 = -3*x - 644, -l - 4*x + 255 = 0. Is l a prime number?
True
Is -2*(-4)/(-8) + (-1 - -205) a composite number?
True
Let n(x) = -36*x + 2. Let l(d) = 31*d + 3. Let j(t) = 16*t + 1. Let k(q) = -5*j(q) + 2*l(q). Let p(b) = 9*k(b) - 4*n(b). Is p(-3) a composite number?
True
Let w = 1 - -186. Is w a prime number?
False
Let m = -4 - -9. Suppose -7 = -m*s + 8. Suppose -a - 20 = -s*a - 2*d, -2*d + 5 = a. Is a a composite number?
True
Suppose 0*z + z - 11 = -3*v, -3*v + 3 = 3*z. Let q be (-3 - -1)*70/z. Suppose -12 = k - q. Is k a composite number?
False
Let x = -28 - 2. Let a be x/5*39/(-2). Suppose 3*q = 4*d - 0*d + a, -3*q = d - 102. Is q a prime number?
False
Suppose -1918 = q - 3*q. Is q prime?
False
Is (-225540)/(-196) - (-2)/7 a prime number?
True
Let p = -9 - -14. Suppose -4*g + 102 = p*a - 2*g, -2*g = 4*a - 80. Is a a composite number?
True
Let z(x) = 39*x. Let l be z(3). Suppose -4*u + 4*g + 456 = 0, -u + 4*g = -0*g - l. Is u a composite number?
False
Is (20136/(-48))/(2/(-4)) prime?
True
Let g be (-1)/(-4) + (-2)/8. Suppose 4*y = 2*r + 308, -r - 233 = -3*y - g*r. Is y composite?
False
Let a = 362 - 213. Is a a composite number?
False
Suppose 2*v = 4*i - 3*i, 0 = 3*i - 2*v - 4. Suppose 2*y = -3*d + 517, 7*y - 2*d - 1283 = i*y. Is y prime?
True
Let p(f) = f**2 - 6*f + 11. Let b be p(8). Suppose 4 - b = -g. Is g composite?
False
Is 8708/8 - 15/10 a prime number?
True
Let z = -1583 - -1101. Let u = -297 - z. Suppose -k + 6*k - u = 0. Is k a composite number?
False
Let f be 2 + -3 + (-12)/(-2). Let t = 8 + f. Is t composite?
False
Let z(g) = -g**3 + 7*g**2 + 6*g + 7. Is z(7) a prime number?
False
Let i be (-1036)/(-3) + 7/(-21). Suppose 555 + i = 4*a + 2*g, 2*a - 4*g = 460. Is a a composite number?
True
Suppose 0 = -3*n + 516 + 102. Let p = -87 + n. Is p a prime number?
False
Let t be 1502/6 + 2/(-6). Let p = t + -41. Is p composite?
True
Suppose 5*a = 3*n - 699, 5*n - 1407 = -4*a - 279. Let t = n - 119. Is t prime?
True
Is (0 + -3)/(-3)*149 composite?
False
Let o = 5 + 4. Is o/3 + (1 - -123) a composite number?
False
Let c(n) = 2*n**2 - 9*n + 8. Is c(10) prime?
False
Suppose 0 = 2*x + r - 5*r - 138, 0 = 3*r - 6. Suppose -c + 12 = 4*o - 43, 0 = -c + 2*o + x. Is c prime?
True
Suppose -40452 = 3*z - 7*z. Is z prime?
False
Let c(s) = -187*s + 3. Let b be 13/(-3) - 3/(-9). Let d(l) = -93*l + 2. Let t(y) = b*c(y) + 7*d(y). Is t(3) a prime number?
True
Suppose 5*p = 737 + 533. Is p a prime number?
False
Suppose -4*w = -6*w - 8. Let n be (-11)/(-2) + (-2)/w. Is (n/(-4) - -1)*-42 a prime number?
False
Let y(o) = o**3 - 7*o**2 - 8*o. Let b be y(8). Let v(d) = -d + 46. Is v(b) prime?
False
Let x = -6 - -8. Suppose 3*s - 785 = -x*s. Let m = 286 - s. Is m a composite number?
True
Let j = -20 - -14. Is j/27 + (-2657)/(-9) a composite number?
True
Suppose 0 = c + 5, 4*b - 14397 - 2360 = -3*c. Is b a composite number?
True
Let y be (5 - -1)*(-7)/(-21). Suppose 0 = -l + y + 1, i = l + 182. Is i composite?
True
Let d = -283 + 427. Suppose d + 321 = 3*u. Is u a prime number?
False
Suppose -f - 3*f + 796 = 0. Is f composite?
False
Suppose 5*z + 3 + 2 = 0. Is z/((-1)/16) + 3 prime?
True
Suppose 7*q - 417 = 4*h + 4*q, 3*q = -15. Suppose 4*l + 153 = m, -4*l + 324 = 2*m - 3*l. Let y = m + h. Is y a prime number?
True
Let r = -2715 - -4250. Is r prime?
False
Let s = -20 - -12. Is (-50)/s - (-6)/8 a composite number?
False
Suppose 3*x = -5*r - 2 - 16, 3*r = 5*x + 30. Let j(g) = 2*g**2 + g + 1. Is j(x) a composite number?
False
Let c be (2 - 1) + 41 + 2. Suppose 6*b - 2*b + c = 0. Let o = 42 + b. Is o composite?
False
Let p(u) = -u**2 + 14*u - 12. Is p(9) a composite number?
True
Let v(a) = -a**2 - 5*a - 8. Let x be v(-7). Suppose 3*u - 3*p + 4*p - 134 = 0, 3*u = p + 136. Let o = u + x. Is o a prime number?
True
Suppose o + 211 = 3*r, -2*r - 3*o + 219 = r. Suppose 3*j - 115 = 2*f, 2*j + 2*f - r = -1. Is j a prime number?
True
Is 4 + 3 + 713 - 2 prime?
False
Let d(k) = k**3 - 2*k**2 - 4*k + 4. Let p be d(3). Suppose 0 = 2*y - a - p, 0 = -2*y - 2*a + 1 + 3. Is (y/(-2))/(2/(-76)) a composite number?
False
Suppose 0 = z + 2*a + a - 3, 7 = z - a. Suppose z*y = 3*y + 78. Is y a composite number?
True
Let q(u) = u + 3. Let c be q(3). Suppose y + 3 = 0, -3*k = -2*y + c*y - 129. Suppose j - k + 0 = 0. Is j composite?
False
Suppose 6*c = c + 345. Is c a prime number?
False
Let f be 4/14 - (-122)/14. Let v = -9 + f. Suppose k = 2*a + 4, v*k - k - 2*a = -16. Is k a composite number?
True
Let c be (-2)/(-2) - (423 + -1). Let n = c - -624. Is n prime?
False
Let d = 21 - -22. Is d a prime number?
True
Suppose -3*w - w = -1284. Let k = w + -210. Is k prime?
False
Let g be 0 + -1 - 46/2. Is 1/(-6) + (-5308)/g prime?
False
Is 1/(4/2532*3) prime?
True
Let a(g) = -g + 9. Let x be a(4). Let q be (x + -2)*(3 - 2). Suppose q*t - 2*v - 89 = 0, -4*t - v + 120 = -3*v. Is t prime?
True
Suppose -4*m = -4 - 16. Is 2/m + (-165)/(-25) a prime number?
True
Suppose z + 5 = 2. Let t be (-124)/z + 4/6. Suppose 14 + t = 4*y. Is y a composite number?
True
Let j = 7 - 11. Let x = 10 + -21. Let a = j - x. Is a prime?
True
Let q be (1 - -1)*326/(-4). Let p = -44 - q. Is p a composite number?
True
Let l(u) = 993*u + 4. Is l(1) a prime number?
True
Let w be -2 - -1*(7 + 0). Suppose 4*n - 7*n = -384. Suppose -4*k + 78 = 3*y - 31, -w*k + n = y. Is k a prime number?
False
Let j = 6 + 3. Let l = j - -7. Suppose 0 = 2*p - 10 - l. Is p a composite number?
False
Let v(x) = -x + 13. Let q be v(8). Suppose -4*t = -2*a + 8 + 30, -5*t + q = 0. Is a a prime number?
False
Let u = 8 - 6. Let r(v) = 0 + 6*v**2 - v**3 + v - u*v**2 + 3. Is r(4) a prime number?
True
Let w(f) be the third derivative of -f**5/60 + f**4/12 - f**3/3 + 2*f**2. Let k(p) = 3*p**2 - 3*p + 4. Let n(r) = 3*k(r) + 5*w(r). Is n(-3) a prime number?
False
Is (214/(-4))/(2/(-20)) a composite number?
True
Let r = 4 - 3. Let d = 7 - r. Suppose 2*v = d*v - 2*a - 506, 0 = 5*v - a - 634. Is v prime?
True
Let p be (-4 - 44/(-8)) + (-33)/(-6). Let w(l) be the second derivative of -l**5/20 + 3*l**4/4 - 5*l**3/6 - 2